{"id":56207,"date":"2026-04-26T00:02:34","date_gmt":"2026-04-26T03:02:34","guid":{"rendered":"https:\/\/latinoamerica21.com\/es\/?post_type=podcast&#038;p=56207"},"modified":"2026-04-26T00:02:44","modified_gmt":"2026-04-26T03:02:44","slug":"el-eje-madrid-barcelona-en-la-geopolitica-latinoamericana","status":"publish","type":"podcast","link":"https:\/\/latinoamerica21.com\/es\/podcast\/el-eje-madrid-barcelona-en-la-geopolitica-latinoamericana\/","title":{"rendered":"El eje Madrid-Barcelona en la geopol\u00edtica latinoamericana"},"content":{"rendered":"\n<p>Separada por apenas 600 kil\u00f3metros, Barcelona y Madrid esta semana se ha convertido en los polos de la disputa geopol\u00edtica de la regi\u00f3n. El eje Madrid-Barcelona adem\u00e1s de definir el tablero ideol\u00f3gico iberoamericano, tambi\u00e9n refleja las discrepancias y tensiones existentes entre los actores regionales sobre la crisis pol\u00edtica venezolana.<\/p>\n\n\n\n<p>En Barcelona, el presidente de Gobierno espa\u00f1ol, Pedro S\u00e1nchez, convoc\u00f3 a distintos l\u00edderes de izquierda para celebrar la Cumbre Progresista Global: una plataforma para articular una narrativa com\u00fan frente al ascenso de las nuevas derechas, el <a href=\"https:\/\/latinoamerica21.com\/podcast\/trump-la-estrategia-de-seguridad-nacional-y-la-region\/\" type=\"podcast\" id=\"54160\">corolario Trump<\/a> y redefinir alianzas pol\u00edticas entre Europa y Am\u00e9rica Latina. Para muchos, un intento de los gobiernos de izquierda de la regi\u00f3n como Claudia Sheinbaum, Luiz In\u00e1cio Lula da Silva y Gustavo Petro (entre otros) para recuperar el multilateralismo y la influencia regional perdida. Por otra parte y casi en simult\u00e1neo, en Madrid se escenificaba la fotograf\u00eda opuesta: la premio nobel de la paz 2025 Mar\u00eda Corina Machado, s\u00edmbolo de la resistencia democr\u00e1tica venezolana, fue recibida por Isabel D\u00edaz Ayuso y poco despu\u00e9s se encontrar\u00eda con los l\u00edderes del Partido Popular y VOX. Un acto de masas cargado de simbolismo pol\u00edtico que busc\u00f3 proyectar otra idea de democracia, libertad y transici\u00f3n electoral para Venezuela. Todo lo cual tuvo el agregado de la indisposici\u00f3n de Machado, de reunirse con S\u00e1nchez, marcando distancia con el bloque progresista, tanto espa\u00f1ol como regional.<\/p>\n\n\n\n<p>Dos ciudades. Dos visiones de historia, poder e influencia internacional. Dos narrativas pol\u00edticas enfrentadas sobre el continente americano. Y, en el centro de ese choque, Venezuela: convertida otra vez en campo de batalla simb\u00f3lico de la geopol\u00edtica contempor\u00e1nea. \u00bfQu\u00e9 significa este eje Madrid-Barcelona para el futuro de la causa democr\u00e1tica venezolana? \u00bfSe est\u00e1 internacionalizando de nuevo la crisis venezolana como parte de una guerra ideol\u00f3gica global?\u00bftendr\u00e1 capacidad pol\u00edtica real este \u00ab<a href=\"https:\/\/latinoamerica21.com\/es\/el-momento-barcelona-progresismo-en-un-mundo-multipolar\/\">frente progresista<\/a>\u00bb para contestar al llamado \u00ab<a href=\"http:\/\/Escudo de las Am\u00e9ricas\">escudo de las am\u00e9ricas<\/a>\u00ab?<\/p>\n\n\n\n<figure class=\"wp-block-embed is-type-video is-provider-youtube wp-block-embed-youtube wp-embed-aspect-16-9 wp-has-aspect-ratio\"><div class=\"wp-block-embed__wrapper\">\n<iframe loading=\"lazy\" title=\"El eje Madrid-Barcelona en la geopol\u00edtica latinoamericana - Mirada Semanal\" width=\"696\" height=\"392\" src=\"https:\/\/www.youtube.com\/embed\/27Ob4weyY6w?feature=oembed\" frameborder=\"0\" allow=\"accelerometer; autoplay; clipboard-write; encrypted-media; gyroscope; picture-in-picture; web-share\" referrerpolicy=\"strict-origin-when-cross-origin\" allowfullscreen><\/iframe>\n<\/div><\/figure>\n\n\n\n<h2 class=\"wp-block-heading\">Analistas:<\/h2>\n\n\n\n<p><a href=\"https:\/\/manuelalcantarasaez.com\/\">Manuel Alc\u00e1ntara S\u00e1ez<\/a><\/p>\n\n\n\n<p><a href=\"https:\/\/maripuerta.com\/\">Mar\u00eda Puerta Riera<\/a><\/p>\n\n\n\n<h2 class=\"wp-block-heading\">Edici\u00f3n y Conducci\u00f3n:<\/h2>\n\n\n\n<p><a href=\"https:\/\/www.linkedin.com\/in\/xrfranco22\/\">Xavier Rodr\u00edguez Franco<\/a><\/p>\n","protected":false},"excerpt":{"rendered":"<p>Separada por apenas 600 kil\u00f3metros, Barcelona y Madrid se han convertido en el escenario de los polos de la disputa geopol\u00edtica de la regi\u00f3n. El eje Madrid-Barcelona adem\u00e1s de definir el tablero ideol\u00f3gico iberoamericano, tambi\u00e9n refleja las discrepancias y tensiones existentes entre los actores regionales sobre la crisis pol\u00edtica venezolana.<\/p>\n","protected":false},"author":99,"featured_media":56212,"menu_order":0,"comment_status":"closed","ping_status":"closed","template":"","meta":{"_acf_changed":true,"episode_type":"audio","audio_file":"","cover_image":"","cover_image_id":"","duration":"","filesize":"","filesize_raw":"","date_recorded":"","explicit":"","block":"","itunes_episode_number":"","itunes_title":"","itunes_season_number":"","itunes_episode_type":""},"tags":[],"series":[17442],"class_list":{"0":"post-56207","1":"podcast","2":"type-podcast","3":"status-publish","4":"has-post-thumbnail","6":"series-latinoamerica-21"},"acf":[],"episode_featured_image":"https:\/\/latinoamerica21.com\/wp-content\/uploads\/2026\/04\/Modelos-Cuadrado-2.png","episode_player_image":"https:\/\/latinoamerica21.com\/wp-content\/plugins\/seriously-simple-podcasting\/assets\/images\/no-album-art.png","download_link":"","player_link":"","audio_player":false,"episode_data":{"playerMode":"dark","subscribeUrls":[],"rssFeedUrl":"https:\/\/latinoamerica21.com\/es\/feed\/podcast\/latinoamerica-21","embedCode":"<blockquote class=\"wp-embedded-content\" data-secret=\"4QSRR4DlGu\"><a href=\"https:\/\/latinoamerica21.com\/es\/podcast\/el-eje-madrid-barcelona-en-la-geopolitica-latinoamericana\/\">El eje Madrid-Barcelona en la geopol\u00edtica latinoamericana<\/a><\/blockquote><iframe sandbox=\"allow-scripts\" security=\"restricted\" src=\"https:\/\/latinoamerica21.com\/es\/podcast\/el-eje-madrid-barcelona-en-la-geopolitica-latinoamericana\/embed\/#?secret=4QSRR4DlGu\" width=\"500\" height=\"350\" title=\"\u00abEl eje Madrid-Barcelona en la geopol\u00edtica latinoamericana\u00bb \u2014 Latinoam\u00e9rica 21\" data-secret=\"4QSRR4DlGu\" frameborder=\"0\" marginwidth=\"0\" marginheight=\"0\" scrolling=\"no\" class=\"wp-embedded-content\"><\/iframe><script type=\"text\/javascript\">\n\/* <![CDATA[ *\/\n\/*! This file is auto-generated *\/\n!function(d,l){\"use strict\";l.querySelector&&d.addEventListener&&\"undefined\"!=typeof URL&&(d.wp=d.wp||{},d.wp.receiveEmbedMessage||(d.wp.receiveEmbedMessage=function(e){var t=e.data;if((t||t.secret||t.message||t.value)&&!\/[^a-zA-Z0-9]\/.test(t.secret)){for(var s,r,n,a=l.querySelectorAll('iframe[data-secret=\"'+t.secret+'\"]'),o=l.querySelectorAll('blockquote[data-secret=\"'+t.secret+'\"]'),c=new RegExp(\"^https?:$\",\"i\"),i=0;i<o.length;i++)o[i].style.display=\"none\";for(i=0;i<a.length;i++)s=a[i],e.source===s.contentWindow&&(s.removeAttribute(\"style\"),\"height\"===t.message?(1e3<(r=parseInt(t.value,10))?r=1e3:~~r<200&&(r=200),s.height=r):\"link\"===t.message&&(r=new URL(s.getAttribute(\"src\")),n=new URL(t.value),c.test(n.protocol))&&n.host===r.host&&l.activeElement===s&&(d.top.location.href=t.value))}},d.addEventListener(\"message\",d.wp.receiveEmbedMessage,!1),l.addEventListener(\"DOMContentLoaded\",function(){for(var e,t,s=l.querySelectorAll(\"iframe.wp-embedded-content\"),r=0;r<s.length;r++)(t=(e=s[r]).getAttribute(\"data-secret\"))||(t=Math.random().toString(36).substring(2,12),e.src+=\"#?secret=\"+t,e.setAttribute(\"data-secret\",t)),e.contentWindow.postMessage({message:\"ready\",secret:t},\"*\")},!1)))}(window,document);\n\/\/# sourceURL=https:\/\/latinoamerica21.com\/wp-includes\/js\/wp-embed.min.js\n\/* ]]> *\/\n<\/script>\n"},"_links":{"self":[{"href":"https:\/\/latinoamerica21.com\/es\/wp-json\/wp\/v2\/podcast\/56207","targetHints":{"allow":["GET"]}}],"collection":[{"href":"https:\/\/latinoamerica21.com\/es\/wp-json\/wp\/v2\/podcast"}],"about":[{"href":"https:\/\/latinoamerica21.com\/es\/wp-json\/wp\/v2\/types\/podcast"}],"author":[{"embeddable":true,"href":"https:\/\/latinoamerica21.com\/es\/wp-json\/wp\/v2\/users\/99"}],"replies":[{"embeddable":true,"href":"https:\/\/latinoamerica21.com\/es\/wp-json\/wp\/v2\/comments?post=56207"}],"wp:featuredmedia":[{"embeddable":true,"href":"https:\/\/latinoamerica21.com\/es\/wp-json\/wp\/v2\/media\/56212"}],"wp:attachment":[{"href":"https:\/\/latinoamerica21.com\/es\/wp-json\/wp\/v2\/media?parent=56207"}],"wp:term":[{"taxonomy":"post_tag","embeddable":true,"href":"https:\/\/latinoamerica21.com\/es\/wp-json\/wp\/v2\/tags?post=56207"},{"taxonomy":"series","embeddable":true,"href":"https:\/\/latinoamerica21.com\/es\/wp-json\/wp\/v2\/series?post=56207"}],"curies":[{"name":"wp","href":"https:\/\/api.w.org\/{rel}","templated":true}]}}

El eje Madrid-Barcelona en la geopolítica latinoamericana

<p>Separada por apenas 600 kilómetros, Barcelona y Madrid esta semana se ha convertido en los polos de la disputa geopolítica de la región. El eje Madrid-Barcelona además de definir el tablero ideológico iberoamericano, también refleja las discrepancias y tensiones existentes entre los actores regionales sobre la crisis política venezolana.</p>



<p>En Barcelona, el presidente de Gobierno español, Pedro Sánchez, convocó a distintos líderes de izquierda para celebrar la Cumbre Progresista Global: una plataforma para articular una narrativa común frente al ascenso de las nuevas derechas, el <a href="https://latinoamerica21.com/podcast/trump-la-estrategia-de-seguridad-nacional-y-la-region/" type="podcast" id="54160">corolario Trump</a> y redefinir alianzas políticas entre Europa y América Latina. Para muchos, un intento de los gobiernos de izquierda de la región como Claudia Sheinbaum, Luiz Inácio Lula da Silva y Gustavo Petro (entre otros) para recuperar el multilateralismo y la influencia regional perdida. Por otra parte y casi en simultáneo, en Madrid se escenificaba la fotografía opuesta: la premio nobel de la paz 2025 María Corina Machado, símbolo de la resistencia democrática venezolana, fue recibida por Isabel Díaz Ayuso y poco después se encontraría con los líderes del Partido Popular y VOX. Un acto de masas cargado de simbolismo político que buscó proyectar otra idea de democracia, libertad y transición electoral para Venezuela. Todo lo cual tuvo el agregado de la indisposición de Machado, de reunirse con Sánchez, marcando distancia con el bloque progresista, tanto español como regional.</p>



<p>Dos ciudades. Dos visiones de historia, poder e influencia internacional. Dos narrativas políticas enfrentadas sobre el continente americano. Y, en el centro de ese choque, Venezuela: convertida otra vez en campo de batalla simbólico de la geopolítica contemporánea. ¿Qué significa este eje Madrid-Barcelona para el futuro de la causa democrática venezolana? ¿Se está internacionalizando de nuevo la crisis venezolana como parte de una guerra ideológica global?¿tendrá capacidad política real este «<a href="https://latinoamerica21.com/es/el-momento-barcelona-progresismo-en-un-mundo-multipolar/">frente progresista</a>» para contestar al llamado «<a href="http://Escudo de las Américas">escudo de las américas</a>«?</p>



<figure class="wp-block-embed is-type-video is-provider-youtube wp-block-embed-youtube wp-embed-aspect-16-9 wp-has-aspect-ratio"><div class="wp-block-embed__wrapper">
<iframe loading="lazy" title="El eje Madrid-Barcelona en la geopolítica latinoamericana - Mirada Semanal" width="696" height="392" src="https://www.youtube.com/embed/27Ob4weyY6w?feature=oembed" frameborder="0" allow="accelerometer; autoplay; clipboard-write; encrypted-media; gyroscope; picture-in-picture; web-share" referrerpolicy="strict-origin-when-cross-origin" allowfullscreen></iframe>
</div></figure>



<h2 class="wp-block-heading">Analistas:</h2>



<p><a href="https://manuelalcantarasaez.com/">Manuel Alcántara Sáez</a></p>



<p><a href="https://maripuerta.com/">María Puerta Riera</a></p>



<h2 class="wp-block-heading">Edición y Conducción:</h2>



<p><a href="https://www.linkedin.com/in/xrfranco22/">Xavier Rodríguez Franco</a></p>

<p>Separada por apenas 600 kilómetros, Barcelona y Madrid se han convertido en el escenario de los polos de la disputa geopolítica de la región. El eje Madrid-Barcelona además de definir el tablero ideológico iberoamericano, también refleja las discrepancias y tensiones existentes entre los actores regionales sobre la crisis política venezolana.</p>

<blockquote class="wp-embedded-content" data-secret="4QSRR4DlGu"><a href="https://latinoamerica21.com/es/podcast/el-eje-madrid-barcelona-en-la-geopolitica-latinoamericana/">El eje Madrid-Barcelona en la geopolítica latinoamericana</a></blockquote><iframe sandbox="allow-scripts" security="restricted" src="https://latinoamerica21.com/es/podcast/el-eje-madrid-barcelona-en-la-geopolitica-latinoamericana/embed/#?secret=4QSRR4DlGu" width="500" height="350" title="«El eje Madrid-Barcelona en la geopolítica latinoamericana» — Latinoamérica 21" data-secret="4QSRR4DlGu" frameborder="0" marginwidth="0" marginheight="0" scrolling="no" class="wp-embedded-content"></iframe><script type="text/javascript">
/* <![CDATA[ */
/*! This file is auto-generated */
!function(d,l){"use strict";l.querySelector&&d.addEventListener&&"undefined"!=typeof URL&&(d.wp=d.wp||{},d.wp.receiveEmbedMessage||(d.wp.receiveEmbedMessage=function(e){var t=e.data;if((t||t.secret||t.message||t.value)&&!/[^a-zA-Z0-9]/.test(t.secret)){for(var s,r,n,a=l.querySelectorAll('iframe[data-secret="'+t.secret+'"]'),o=l.querySelectorAll('blockquote[data-secret="'+t.secret+'"]'),c=new RegExp("^https?:$","i"),i=0;i<o.length;i++)o[i].style.display="none";for(i=0;i<a.length;i++)s=a[i],e.source===s.contentWindow&&(s.removeAttribute("style"),"height"===t.message?(1e3<(r=parseInt(t.value,10))?r=1e3:~~r<200&&(r=200),s.height=r):"link"===t.message&&(r=new URL(s.getAttribute("src")),n=new URL(t.value),c.test(n.protocol))&&n.host===r.host&&l.activeElement===s&&(d.top.location.href=t.value))}},d.addEventListener("message",d.wp.receiveEmbedMessage,!1),l.addEventListener("DOMContentLoaded",function(){for(var e,t,s=l.querySelectorAll("iframe.wp-embedded-content"),r=0;r<s.length;r++)(t=(e=s[r]).getAttribute("data-secret"))||(t=Math.random().toString(36).substring(2,12),e.src+="#?secret="+t,e.setAttribute("data-secret",t)),e.contentWindow.postMessage({message:"ready",secret:t},"*")},!1)))}(window,document);
//# sourceURL=https://latinoamerica21.com/wp-includes/js/wp-embed.min.js
/* ]]> */
</script>
