{"version":"1.0","provider_name":"Latinoam\u00e9rica 21","provider_url":"https:\/\/latinoamerica21.com\/pt-br\/","author_name":"Federico Finchelstein","author_url":"https:\/\/latinoamerica21.com\/pt-br\/autor\/federico-finchelstein\/","title":"A longa teia do conspiracionismo - Latinoam\u00e9rica 21","type":"rich","width":600,"height":338,"html":"<blockquote class=\"wp-embedded-content\" data-secret=\"9vSIAePEQ7\"><a href=\"https:\/\/latinoamerica21.com\/pt-br\/a-longa-teia-do-conspiracionismo\/\">A longa teia do conspiracionismo<\/a><\/blockquote><iframe sandbox=\"allow-scripts\" security=\"restricted\" src=\"https:\/\/latinoamerica21.com\/pt-br\/a-longa-teia-do-conspiracionismo\/embed\/#?secret=9vSIAePEQ7\" width=\"600\" height=\"338\" title=\"&#8220;A longa teia do conspiracionismo&#8221; &#8212; Latinoam\u00e9rica 21\" data-secret=\"9vSIAePEQ7\" frameborder=\"0\" marginwidth=\"0\" marginheight=\"0\" scrolling=\"no\" class=\"wp-embedded-content\"><\/iframe><script type=\"text\/javascript\">\n\/* <![CDATA[ *\/\n\/*! This file is auto-generated *\/\n!function(d,l){\"use strict\";l.querySelector&&d.addEventListener&&\"undefined\"!=typeof URL&&(d.wp=d.wp||{},d.wp.receiveEmbedMessage||(d.wp.receiveEmbedMessage=function(e){var t=e.data;if((t||t.secret||t.message||t.value)&&!\/[^a-zA-Z0-9]\/.test(t.secret)){for(var s,r,n,a=l.querySelectorAll('iframe[data-secret=\"'+t.secret+'\"]'),o=l.querySelectorAll('blockquote[data-secret=\"'+t.secret+'\"]'),c=new RegExp(\"^https?:$\",\"i\"),i=0;i<o.length;i++)o[i].style.display=\"none\";for(i=0;i<a.length;i++)s=a[i],e.source===s.contentWindow&&(s.removeAttribute(\"style\"),\"height\"===t.message?(1e3<(r=parseInt(t.value,10))?r=1e3:~~r<200&&(r=200),s.height=r):\"link\"===t.message&&(r=new URL(s.getAttribute(\"src\")),n=new URL(t.value),c.test(n.protocol))&&n.host===r.host&&l.activeElement===s&&(d.top.location.href=t.value))}},d.addEventListener(\"message\",d.wp.receiveEmbedMessage,!1),l.addEventListener(\"DOMContentLoaded\",function(){for(var e,t,s=l.querySelectorAll(\"iframe.wp-embedded-content\"),r=0;r<s.length;r++)(t=(e=s[r]).getAttribute(\"data-secret\"))||(t=Math.random().toString(36).substring(2,12),e.src+=\"#?secret=\"+t,e.setAttribute(\"data-secret\",t)),e.contentWindow.postMessage({message:\"ready\",secret:t},\"*\")},!1)))}(window,document);\n\/\/# sourceURL=https:\/\/latinoamerica21.com\/wp-includes\/js\/wp-embed.min.js\n\/* ]]> *\/\n<\/script>\n","thumbnail_url":"https:\/\/latinoamerica21.com\/wp-content\/uploads\/2021\/01\/207-B.jpg","thumbnail_width":1018,"thumbnail_height":677,"description":"An\u00e1lise L21 | H\u00e1 pessoas que acreditam que o coronav\u00edrus \u00e9 um instrumento de domina\u00e7\u00e3o mundial criado pelos inimigos de seu pa\u00eds. Eles s\u00e3o os mesmos que acreditam que quando seus candidatos n\u00e3o ganham, h\u00e1 fraude. Estas s\u00e3o as pessoas que ap\u00f3iam Trump em sua tentativa de golpe."}

Latinoamérica 21

A longa teia do conspiracionismo - Latinoamérica 21

<blockquote class="wp-embedded-content" data-secret="9vSIAePEQ7"><a href="https://latinoamerica21.com/pt-br/a-longa-teia-do-conspiracionismo/">A longa teia do conspiracionismo</a></blockquote><iframe sandbox="allow-scripts" security="restricted" src="https://latinoamerica21.com/pt-br/a-longa-teia-do-conspiracionismo/embed/#?secret=9vSIAePEQ7" width="600" height="338" title="&#8220;A longa teia do conspiracionismo&#8221; &#8212; Latinoamérica 21" data-secret="9vSIAePEQ7" frameborder="0" marginwidth="0" marginheight="0" scrolling="no" class="wp-embedded-content"></iframe><script type="text/javascript">
/* <![CDATA[ */
/*! This file is auto-generated */
!function(d,l){"use strict";l.querySelector&&d.addEventListener&&"undefined"!=typeof URL&&(d.wp=d.wp||{},d.wp.receiveEmbedMessage||(d.wp.receiveEmbedMessage=function(e){var t=e.data;if((t||t.secret||t.message||t.value)&&!/[^a-zA-Z0-9]/.test(t.secret)){for(var s,r,n,a=l.querySelectorAll('iframe[data-secret="'+t.secret+'"]'),o=l.querySelectorAll('blockquote[data-secret="'+t.secret+'"]'),c=new RegExp("^https?:$","i"),i=0;i<o.length;i++)o[i].style.display="none";for(i=0;i<a.length;i++)s=a[i],e.source===s.contentWindow&&(s.removeAttribute("style"),"height"===t.message?(1e3<(r=parseInt(t.value,10))?r=1e3:~~r<200&&(r=200),s.height=r):"link"===t.message&&(r=new URL(s.getAttribute("src")),n=new URL(t.value),c.test(n.protocol))&&n.host===r.host&&l.activeElement===s&&(d.top.location.href=t.value))}},d.addEventListener("message",d.wp.receiveEmbedMessage,!1),l.addEventListener("DOMContentLoaded",function(){for(var e,t,s=l.querySelectorAll("iframe.wp-embedded-content"),r=0;r<s.length;r++)(t=(e=s[r]).getAttribute("data-secret"))||(t=Math.random().toString(36).substring(2,12),e.src+="#?secret="+t,e.setAttribute("data-secret",t)),e.contentWindow.postMessage({message:"ready",secret:t},"*")},!1)))}(window,document);
//# sourceURL=https://latinoamerica21.com/wp-includes/js/wp-embed.min.js
/* ]]> */
</script>

Análise L21 | Há pessoas que acreditam que o coronavírus é um instrumento de dominação mundial criado pelos inimigos de seu país. Eles são os mesmos que acreditam que quando seus candidatos não ganham, há fraude. Estas são as pessoas que apóiam Trump em sua tentativa de golpe.
