{"id":56269,"date":"2026-05-02T23:30:20","date_gmt":"2026-05-03T02:30:20","guid":{"rendered":"https:\/\/latinoamerica21.com\/es\/?post_type=podcast&#038;p=56269"},"modified":"2026-05-03T01:38:47","modified_gmt":"2026-05-03T04:38:47","slug":"la-delgada-frontera-entre-narco-y-politica-en-mexico","status":"publish","type":"podcast","link":"https:\/\/latinoamerica21.com\/pt-br\/podcast\/la-delgada-frontera-entre-narco-y-politica-en-mexico\/","title":{"rendered":"La delgada frontera entre narco y pol\u00edtica en M\u00e9xico"},"content":{"rendered":"\n<p>Durante a\u00f1os, Sinaloa ha sido el epicentro de una de las estructuras criminales m\u00e1s poderosas del continente: el C\u00e1rtel de Sinaloa. Pero esta semana, la frontera entre narco y pol\u00edtico volvi\u00f3 a difuminarse de forma dram\u00e1tica y de alcance internacional. La acusaci\u00f3n presentada por fiscales de Estados Unidos contra el gobernador de Sinaloa, Rub\u00e9n Rocha Moya, por presuntos v\u00ednculos con el narcotr\u00e1fico, ha provocado un aut\u00e9ntico terremoto pol\u00edtico que trasciende al estado y golpea directamente al partido gobernante MORENA, Claudia Sheinbaum y a su antecesor Andr\u00e9s Manuel L\u00f3pez Obrador. Si bien Rocha ha negado los se\u00f1alamientos, su decisi\u00f3n de apartarse temporalmente del cargo mientras avanza la investigaci\u00f3n, ha intensificado las sospechas y hecho proliferar una pregunta en la opini\u00f3n p\u00fablica: \u00bfhasta qu\u00e9 punto el narcotr\u00e1fico ha penetrado las estructuras del partido oficial, del poder pol\u00edtico local y del propio gobierno de la federaci\u00f3n?<\/p>\n\n\n\n<p>No se trata solamente de una crisis judicial. Es una crisis institucional y de credibilidad. Porque cuando las acusaciones apuntan a la m\u00e1xima autoridad de un estado hist\u00f3ricamente atravesado por la violencia del narcotr\u00e1fico, lo que est\u00e1 en juego no es solo la responsabilidad individual de un gobernador, sino la credibilidad del sistema pol\u00edtico entero. M\u00e1s a\u00fan despu\u00e9s de la fuerte <a href=\"https:\/\/latinoamerica21.com\/es\/podcast\/mexico-en-guerra-contra-el-narco\/\">ofensiva liderada<\/a> semanas atr\u00e1s por las propias fuerzas militares contra el narco.<\/p>\n\n\n\n<p>Adicionalmente hay un elemento a\u00fan m\u00e1s delicado: la dimensi\u00f3n internacional. La presi\u00f3n de Washington, las exigencias de pruebas, el discurso de soberanista desde Ciudad de M\u00e9xico, la hostilidad con la prensa local y el impacto en la relaci\u00f3n bilateral colocan este caso en un tablero geopol\u00edtico mucho m\u00e1s amplio y complejo. \u00bfEstamos frente a un caso aislado de corrupci\u00f3n pol\u00edtica o ante la evidencia de una captura criminal del poder regional? Ante lo cual, cabe preguntarnos si el narco puede influir en gobiernos estatales, \u00bfqu\u00e9 significa eso para la democracia mexicana? Narco y pol\u00edtica en M\u00e9xico a fondo en este episodio de Mirada Semanal.<\/p>\n\n\n\n<figure class=\"wp-block-embed is-type-video is-provider-youtube wp-block-embed-youtube wp-embed-aspect-16-9 wp-has-aspect-ratio\"><div class=\"wp-block-embed__wrapper\">\n<iframe loading=\"lazy\" title=\"La delgada frontera entre NARCO y POL\u00cdTICA en M\u00c9XICO - Mirada Semanal\" width=\"696\" height=\"392\" src=\"https:\/\/www.youtube.com\/embed\/M9wIU75kxmg?feature=oembed\" frameborder=\"0\" allow=\"accelerometer; autoplay; clipboard-write; encrypted-media; gyroscope; picture-in-picture; web-share\" referrerpolicy=\"strict-origin-when-cross-origin\" allowfullscreen><\/iframe>\n<\/div><\/figure>\n\n\n\n<h2 class=\"wp-block-heading\">Analistas:<\/h2>\n\n\n\n<p><a href=\"https:\/\/manuelalcantarasaez.com\/\">Manuel Alc\u00e1ntara S\u00e1ez<\/a><\/p>\n\n\n\n<p><a href=\"https:\/\/maripuerta.com\/\">Mar\u00eda Puerta Riera<\/a><\/p>\n\n\n\n<h2 class=\"wp-block-heading\">Edici\u00f3n y Conducci\u00f3n:<\/h2>\n\n\n\n<p><a href=\"https:\/\/www.linkedin.com\/in\/xrfranco22\/\">Xavier Rodr\u00edguez Franco<\/a><\/p>\n","protected":false},"excerpt":{"rendered":"<p>Durante a\u00f1os, Sinaloa ha sido el epicentro de una de las estructuras criminales m\u00e1s poderosas del continente: el C\u00e1rtel de Sinaloa. Pero esta semana, la frontera entre narco y pol\u00edtico volvi\u00f3 a difuminarse de forma dram\u00e1tica y de alcance internacional. La acusaci\u00f3n presentada por fiscales de Estados Unidos contra el gobernador de Sinaloa, Rub\u00e9n Rocha [&hellip;]<\/p>\n","protected":false},"author":99,"featured_media":56270,"menu_order":0,"comment_status":"closed","ping_status":"closed","template":"","meta":{"_acf_changed":true,"episode_type":"audio","audio_file":"","cover_image":"","cover_image_id":"","duration":"","filesize":"","filesize_raw":"","date_recorded":"","explicit":"","block":"","itunes_episode_number":"","itunes_title":"","itunes_season_number":"","itunes_episode_type":""},"tags":[],"series":[17442],"class_list":{"0":"post-56269","1":"podcast","2":"type-podcast","3":"status-publish","4":"has-post-thumbnail","6":"series-latinoamerica-21"},"acf":[],"episode_featured_image":"https:\/\/latinoamerica21.com\/wp-content\/uploads\/2026\/05\/Modelos-Cuadrado.png","episode_player_image":"https:\/\/latinoamerica21.com\/wp-content\/plugins\/seriously-simple-podcasting\/assets\/images\/no-album-art.png","download_link":"","player_link":"","audio_player":false,"episode_data":{"playerMode":"dark","subscribeUrls":[],"rssFeedUrl":"https:\/\/latinoamerica21.com\/pt-br\/feed\/podcast\/latinoamerica-21","embedCode":"<blockquote class=\"wp-embedded-content\" data-secret=\"Ms0jGOB6y7\"><a href=\"https:\/\/latinoamerica21.com\/pt-br\/podcast\/la-delgada-frontera-entre-narco-y-politica-en-mexico\/\">La delgada frontera entre narco y pol\u00edtica en M\u00e9xico<\/a><\/blockquote><iframe sandbox=\"allow-scripts\" security=\"restricted\" src=\"https:\/\/latinoamerica21.com\/pt-br\/podcast\/la-delgada-frontera-entre-narco-y-politica-en-mexico\/embed\/#?secret=Ms0jGOB6y7\" width=\"500\" height=\"350\" title=\"&#8220;La delgada frontera entre narco y pol\u00edtica en M\u00e9xico&#8221; &#8212; Latinoam\u00e9rica 21\" data-secret=\"Ms0jGOB6y7\" frameborder=\"0\" marginwidth=\"0\" marginheight=\"0\" scrolling=\"no\" class=\"wp-embedded-content\"><\/iframe><script type=\"text\/javascript\">\n\/* <![CDATA[ *\/\n\/*! This file is auto-generated *\/\n!function(d,l){\"use strict\";l.querySelector&&d.addEventListener&&\"undefined\"!=typeof URL&&(d.wp=d.wp||{},d.wp.receiveEmbedMessage||(d.wp.receiveEmbedMessage=function(e){var t=e.data;if((t||t.secret||t.message||t.value)&&!\/[^a-zA-Z0-9]\/.test(t.secret)){for(var s,r,n,a=l.querySelectorAll('iframe[data-secret=\"'+t.secret+'\"]'),o=l.querySelectorAll('blockquote[data-secret=\"'+t.secret+'\"]'),c=new RegExp(\"^https?:$\",\"i\"),i=0;i<o.length;i++)o[i].style.display=\"none\";for(i=0;i<a.length;i++)s=a[i],e.source===s.contentWindow&&(s.removeAttribute(\"style\"),\"height\"===t.message?(1e3<(r=parseInt(t.value,10))?r=1e3:~~r<200&&(r=200),s.height=r):\"link\"===t.message&&(r=new URL(s.getAttribute(\"src\")),n=new URL(t.value),c.test(n.protocol))&&n.host===r.host&&l.activeElement===s&&(d.top.location.href=t.value))}},d.addEventListener(\"message\",d.wp.receiveEmbedMessage,!1),l.addEventListener(\"DOMContentLoaded\",function(){for(var e,t,s=l.querySelectorAll(\"iframe.wp-embedded-content\"),r=0;r<s.length;r++)(t=(e=s[r]).getAttribute(\"data-secret\"))||(t=Math.random().toString(36).substring(2,12),e.src+=\"#?secret=\"+t,e.setAttribute(\"data-secret\",t)),e.contentWindow.postMessage({message:\"ready\",secret:t},\"*\")},!1)))}(window,document);\n\/\/# sourceURL=https:\/\/latinoamerica21.com\/wp-includes\/js\/wp-embed.min.js\n\/* ]]> *\/\n<\/script>\n"},"_links":{"self":[{"href":"https:\/\/latinoamerica21.com\/pt-br\/wp-json\/wp\/v2\/podcast\/56269","targetHints":{"allow":["GET"]}}],"collection":[{"href":"https:\/\/latinoamerica21.com\/pt-br\/wp-json\/wp\/v2\/podcast"}],"about":[{"href":"https:\/\/latinoamerica21.com\/pt-br\/wp-json\/wp\/v2\/types\/podcast"}],"author":[{"embeddable":true,"href":"https:\/\/latinoamerica21.com\/pt-br\/wp-json\/wp\/v2\/users\/99"}],"replies":[{"embeddable":true,"href":"https:\/\/latinoamerica21.com\/pt-br\/wp-json\/wp\/v2\/comments?post=56269"}],"wp:featuredmedia":[{"embeddable":true,"href":"https:\/\/latinoamerica21.com\/pt-br\/wp-json\/wp\/v2\/media\/56270"}],"wp:attachment":[{"href":"https:\/\/latinoamerica21.com\/pt-br\/wp-json\/wp\/v2\/media?parent=56269"}],"wp:term":[{"taxonomy":"post_tag","embeddable":true,"href":"https:\/\/latinoamerica21.com\/pt-br\/wp-json\/wp\/v2\/tags?post=56269"},{"taxonomy":"series","embeddable":true,"href":"https:\/\/latinoamerica21.com\/pt-br\/wp-json\/wp\/v2\/series?post=56269"}],"curies":[{"name":"wp","href":"https:\/\/api.w.org\/{rel}","templated":true}]}}

La delgada frontera entre narco y política en México

<p>Durante años, Sinaloa ha sido el epicentro de una de las estructuras criminales más poderosas del continente: el Cártel de Sinaloa. Pero esta semana, la frontera entre narco y político volvió a difuminarse de forma dramática y de alcance internacional. La acusación presentada por fiscales de Estados Unidos contra el gobernador de Sinaloa, Rubén Rocha Moya, por presuntos vínculos con el narcotráfico, ha provocado un auténtico terremoto político que trasciende al estado y golpea directamente al partido gobernante MORENA, Claudia Sheinbaum y a su antecesor Andrés Manuel López Obrador. Si bien Rocha ha negado los señalamientos, su decisión de apartarse temporalmente del cargo mientras avanza la investigación, ha intensificado las sospechas y hecho proliferar una pregunta en la opinión pública: ¿hasta qué punto el narcotráfico ha penetrado las estructuras del partido oficial, del poder político local y del propio gobierno de la federación?</p>



<p>No se trata solamente de una crisis judicial. Es una crisis institucional y de credibilidad. Porque cuando las acusaciones apuntan a la máxima autoridad de un estado históricamente atravesado por la violencia del narcotráfico, lo que está en juego no es solo la responsabilidad individual de un gobernador, sino la credibilidad del sistema político entero. Más aún después de la fuerte <a href="https://latinoamerica21.com/es/podcast/mexico-en-guerra-contra-el-narco/">ofensiva liderada</a> semanas atrás por las propias fuerzas militares contra el narco.</p>



<p>Adicionalmente hay un elemento aún más delicado: la dimensión internacional. La presión de Washington, las exigencias de pruebas, el discurso de soberanista desde Ciudad de México, la hostilidad con la prensa local y el impacto en la relación bilateral colocan este caso en un tablero geopolítico mucho más amplio y complejo. ¿Estamos frente a un caso aislado de corrupción política o ante la evidencia de una captura criminal del poder regional? Ante lo cual, cabe preguntarnos si el narco puede influir en gobiernos estatales, ¿qué significa eso para la democracia mexicana? Narco y política en México a fondo en este episodio de Mirada Semanal.</p>



<figure class="wp-block-embed is-type-video is-provider-youtube wp-block-embed-youtube wp-embed-aspect-16-9 wp-has-aspect-ratio"><div class="wp-block-embed__wrapper">
<iframe loading="lazy" title="La delgada frontera entre NARCO y POLÍTICA en MÉXICO - Mirada Semanal" width="696" height="392" src="https://www.youtube.com/embed/M9wIU75kxmg?feature=oembed" frameborder="0" allow="accelerometer; autoplay; clipboard-write; encrypted-media; gyroscope; picture-in-picture; web-share" referrerpolicy="strict-origin-when-cross-origin" allowfullscreen></iframe>
</div></figure>



<h2 class="wp-block-heading">Analistas:</h2>



<p><a href="https://manuelalcantarasaez.com/">Manuel Alcántara Sáez</a></p>



<p><a href="https://maripuerta.com/">María Puerta Riera</a></p>



<h2 class="wp-block-heading">Edición y Conducción:</h2>



<p><a href="https://www.linkedin.com/in/xrfranco22/">Xavier Rodríguez Franco</a></p>

<p>Durante años, Sinaloa ha sido el epicentro de una de las estructuras criminales más poderosas del continente: el Cártel de Sinaloa. Pero esta semana, la frontera entre narco y político volvió a difuminarse de forma dramática y de alcance internacional. La acusación presentada por fiscales de Estados Unidos contra el gobernador de Sinaloa, Rubén Rocha [&hellip;]</p>

<blockquote class="wp-embedded-content" data-secret="Ms0jGOB6y7"><a href="https://latinoamerica21.com/pt-br/podcast/la-delgada-frontera-entre-narco-y-politica-en-mexico/">La delgada frontera entre narco y política en México</a></blockquote><iframe sandbox="allow-scripts" security="restricted" src="https://latinoamerica21.com/pt-br/podcast/la-delgada-frontera-entre-narco-y-politica-en-mexico/embed/#?secret=Ms0jGOB6y7" width="500" height="350" title="&#8220;La delgada frontera entre narco y política en México&#8221; &#8212; Latinoamérica 21" data-secret="Ms0jGOB6y7" frameborder="0" marginwidth="0" marginheight="0" scrolling="no" class="wp-embedded-content"></iframe><script type="text/javascript">
/* <![CDATA[ */
/*! This file is auto-generated */
!function(d,l){"use strict";l.querySelector&&d.addEventListener&&"undefined"!=typeof URL&&(d.wp=d.wp||{},d.wp.receiveEmbedMessage||(d.wp.receiveEmbedMessage=function(e){var t=e.data;if((t||t.secret||t.message||t.value)&&!/[^a-zA-Z0-9]/.test(t.secret)){for(var s,r,n,a=l.querySelectorAll('iframe[data-secret="'+t.secret+'"]'),o=l.querySelectorAll('blockquote[data-secret="'+t.secret+'"]'),c=new RegExp("^https?:$","i"),i=0;i<o.length;i++)o[i].style.display="none";for(i=0;i<a.length;i++)s=a[i],e.source===s.contentWindow&&(s.removeAttribute("style"),"height"===t.message?(1e3<(r=parseInt(t.value,10))?r=1e3:~~r<200&&(r=200),s.height=r):"link"===t.message&&(r=new URL(s.getAttribute("src")),n=new URL(t.value),c.test(n.protocol))&&n.host===r.host&&l.activeElement===s&&(d.top.location.href=t.value))}},d.addEventListener("message",d.wp.receiveEmbedMessage,!1),l.addEventListener("DOMContentLoaded",function(){for(var e,t,s=l.querySelectorAll("iframe.wp-embedded-content"),r=0;r<s.length;r++)(t=(e=s[r]).getAttribute("data-secret"))||(t=Math.random().toString(36).substring(2,12),e.src+="#?secret="+t,e.setAttribute("data-secret",t)),e.contentWindow.postMessage({message:"ready",secret:t},"*")},!1)))}(window,document);
//# sourceURL=https://latinoamerica21.com/wp-includes/js/wp-embed.min.js
/* ]]> */
</script>
